?
4
What is the ten thousands digit of 48588?
4
What is the tens digit of 2060?
6
What is the tens digit of 435?
3
What is the tens digit of 3376?
7
What is the hundreds digit of 663?
6
What is the units digit of 101931?
1
What is the thousands digit of 27472?
7
What is the thousands digit of 1608?
1
What is the units digit of 143?
3
What is the thousands digit of 5943?
5
What is the thousands digit of 2081?
2
What is the tens digit of 2855?
5
What is the tens digit of 338?
3
What is the tens digit of 764?
6
What is the hundreds digit of 9053?
0
What is the tens digit of 13577?
7
What is the units digit of 1462?
2
What is the hundreds digit of 7534?
5
What is the tens digit of 592?
9
What is the tens digit of 3112?
1
What is the tens digit of 87?
8
What is the thousands digit of 1525?
1
What is the units digit of 7666?
6
What is the ten thousands digit of 44092?
4
What is the tens digit of 3498?
9
What is the thousands digit of 43831?
3
What is the hundreds digit of 890?
8
What is the units digit of 2361?
1
What is the tens digit of 92945?
4
What is the tens digit of 5302?
0
What is the thousands digit of 4249?
4
What is the hundreds digit of 49600?
6
What is the tens digit of 15997?
9
What is the ten thousands digit of 32369?
3
What is the tens digit of 302?
0
What is the tens digit of 581?
8
What is the units digit of 64484?
4
What is the units digit of 8955?
5
What is the hundreds digit of 21375?
3
What is the hundreds digit of 35067?
0
What is the hundreds digit of 40680?
6
What is the tens digit of 11903?
0
What is the hundreds digit of 18544?
5
What is the thousands digit of 5009?
5
What is the units digit of 3781?
1
What is the units digit of 3717?
7
What is the thousands digit of 6981?
6
What is the thousands digit of 1717?
1
What is the units digit of 10169?
9
What is the units digit of 464?
4
What is the units digit of 1193?
3
What is the units digit of 25414?
4
What is the units digit of 23654?
4
What is the tens digit of 968?
6
What is the tens digit of 18732?
3
What is the tens digit of 5050?
5
What is the units digit of 2613?
3
What is the units digit of 11107?
7
What is the tens digit of 22509?
0
What is the hundreds digit of 8471?
4
What is the thousands digit of 8024?
8
What is the units digit of 1521?
1
What is the hundreds digit of 6530?
5
What is the thousands digit of 58855?
8
What is the units digit of 6839?
9
What is the tens digit of 5405?
0
What is the units digit of 4011?
1
What is the tens digit of 3109?
0
What is the thousands digit of 3400?
3
What is the tens digit of 2227?
2
What is the tens digit of 108703?
0
What is the thousands digit of 6267?
6
What is the tens digit of 3177?
7
What is the ten thousands digit of 34891?
3
What is the thousands digit of 23803?
3
What is the hundreds digit of 6283?
2
What is the tens digit of 723?
2
What is the tens digit of 688?
8
What is the units digit of 51?
1
What is the hundreds digit of 12714?
7
What is the tens digit of 6805?
0
What is the hundreds digit of 1080?
0
What is the units digit of 31590?
0
What is the hundreds digit of 2121?
1
What is the hundreds digit of 1055?
0
What is the units digit of 8630?
0
What is the thousands digit of 80561?
0
What is the thousands digit of 2704?
2
What is the units digit of 818?
8
What is the hundreds digit of 5891?
8
What is the units digit of 3956?
6
What is the units digit of 1885?
5
What is the hundreds digit of 5366?
3
What is the units digit of 305?
5
What is the tens digit of 696?
9
What is the units digit of 1021?
1
What is the units digit of 1460?
0
What is the thousands digit of 3007?
3
What is the hundreds digit of 3272?
2
What is the units digit of 1947?
7
What is the tens digit of 8954?
5
What is the tens digit of 906?
0
What is the units digit of 6416?
6
What is the tens digit of 547?
4
What is the tens digit of 40186?
8
What is the tens digit of 142309?
0
What is the units digit of 6784?
4
What is the units digit of 644?
4
What is the thousands digit of 5617?
5
What is the units digit of 77711?
1
What is the tens digit of 5675?
7
What is the hundreds digit of 11344?
3
What is the tens digit of 113?
1
What is the tens digit of 10100?
0
What is the ten thousands digit of 62651?
6
What is the thousands digit of 46207?
6
What is the hundreds digit of 7692?
6
What is the units digit of 47741?
1
What is the thousands digit of 2696?
2
What is the thousands digit of 2435?
2
What is the hundreds digit of 2945?
9
What is the units digit of 126?
6
What is the hundreds digit of 3263?
2
What is the thousands digit of 6490?
6
What is the tens digit of 1532?
3
What is the thousands digit of 6274?
6
What is the tens digit of 2869?
6
What is the thousands digit of 3571?
3
What is the units digit of 462?
2
What is the tens digit of 46615?
1
What is the thousands digit of 10023?
0
What is the thousands digit of 15989?
5
What is the ten thousands digit of 13858?
1
What is the ten thousands digit of 15809?
1
What is the thousands digit of 2384?
2
What is the thousands digit of 24097?
4
What is the tens digit of 41594?
9
What is the thousands digit of 20788?
0
What is the hundred thousands digit of 100804?
1
What is the thousands digit of 126231?
6
What is the units digit of 2134?
4
What is the thousands digit of 1071?
1
What is the thousands digit of 22329?
2
What is the hundreds digit of 511?
5
What is the hundreds digit of 1228?
2
What is the units digit of 2551?
1
What is the thousands digit of 5583?
5
What is the tens digit of 4897?
9
What is the tens digit of 1009?
0
What is the units digit of 226?
6
What is the units digit of 54552?
2
What is the thousands digit of 2804?
2
What is the thousands digit of 4687?
4
What is the units digit of 4676?
6
What is the thousands digit of 1203?
1
What is the units digit of 124704?
4
What is the tens digit of 509?
0
What is the tens digit of 35577?
7
What is the thousands digit of 1527?
1
What is the hundreds digit of 141?
1
What is the units digit of 39290?
0
What is the ten thousands digit of 20376?
2
What is the tens digit of 400?
0
What is the units digit of 3146?
6
What is the hundreds digit of 205?
2
What is the thousands digit of 11939?
1
What is the units digit of 32429?
9
What is the thousands digit of 4799?
4
What is the hundreds digit of 86420?
4
What is the ten thousands digit of 28797?
2
What is the tens digit of 30245?
4
What is the units digit of 4662?
2
What is the units digit of 21216?
6
What is the thousands digit of 2313?
2
What is the tens digit of 24291?
9
What is the units digit of 5967?
7
What is the hundreds digit of 1112?
1
What is the thousands digit of 7951?
7
What is the tens digit of 1479?
7
What is the hundreds digit of 28473?
4
What is the thousands digit of 9837?
9
What is the tens digit of 2910?
1
What is the hundreds digit of 962?
9
What is the tens digit of 59513?
1
What is the tens digit of 52934?
3
What is the hundreds digit of 18066?
0
What is the hundreds digit of 5416?
4
What is the units digit of 14009?
9
What is the tens digit of 52670?
7
What is the thousands digit of 4485?
4
What is the tens digit of 422?
2
What is the hundreds digit of 4547?
5
What is the tens digit of 5988?
8
What is the thousands digit of 24237?
4
What is the units digit of 2834?
4
What is the tens digit of 510?
1
What is the hundreds digit of 37426?
4
What is the hundreds digit of 39224?
2
What is the units digit of 289?
9
What is the units digit of 672?
2
What is the hundreds digit of 6805?
8
What is the thousands digit of 1151?
1
What is the ten thousands digit of 85967?
8
What is the units digit of 70533?
3
What is the tens digit of 745?
4
What is the units digit of 49?
9
What is the ten thousands digit of 16189?
1
What is the units digit of 291?
1
What is the units digit of 8593?
3
What is the hundreds digit of 40753?
7
What is the units digit of 2520?
0
What is the hundred thousands digit of 111904?
1
What is the tens digit of 2003?
0
What is the tens digit of 27792?
9
What is the tens digit of 3071?
7
What is the hundreds digit of 582?
5
What is the ten thousands digit of 20932?
2
What is the tens digit of 8620?
2
What is the ten thousands digit of 23162?
2
What is the ten thousands digit of 16630?
1
What is the units digit of 6500?
0
What is the ten thousands digit of 16